n base 9, what is 0 - -3424738?
3424738
In base 6, what is 24223 - 104202?
-35535
In base 12, what is -493a596 + -4?
-493a59a
In base 7, what is 2426554543 - -15?
2426554561
In base 13, what is 10361621 - 4?
1036161a
In base 11, what is 2591803a - 5?
25918035
In base 2, what is -11 + -111001100011100000001101?
-111001100011100000010000
In base 11, what is 24963 - 2393?
22580
In base 4, what is 2021120123231 - 30?
2021120123201
In base 13, what is 98a07 + 6?
98a10
In base 9, what is 5 + 4552126?
4552132
In base 2, what is -1 - -101110011101110011101011?
101110011101110011101010
In base 16, what is -9c6 - 9b1?
-1377
In base 9, what is 3263 - -1201?
4464
In base 10, what is -7 + -29004536?
-29004543
In base 14, what is -66 - 60c30?
-60c96
In base 15, what is 1b2 + -7ae4e?
-7ac8c
In base 10, what is 23223179 - 2?
23223177
In base 16, what is -2 - 1cb620d?
-1cb620f
In base 15, what is cee7 + 4?
ceeb
In base 3, what is 112211 - 1012202100101?
-1012201210120
In base 12, what is 296a4b8 + -16?
296a4a2
In base 6, what is -450004 - 1305?
-451313
In base 16, what is af + -2e1bbd?
-2e1b0e
In base 13, what is 784b - 8b63?
-1315
In base 14, what is 1246 - 3c00?
-2998
In base 2, what is 10111101100001011010111 - -111?
10111101100001011011110
In base 14, what is d0d34 + -7?
d0d2b
In base 9, what is 28625 - 42111?
-12375
In base 5, what is -122023230110 - 11?
-122023230121
In base 13, what is 30 - -5c1b9?
5c219
In base 5, what is -41 + -10021133443?
-10021134034
In base 9, what is 78330 + -17353?
60866
In base 4, what is 22130012033 + 313?
22130013012
In base 12, what is 604 - -1157a?
11b82
In base 4, what is -321120 - -111332?
-203122
In base 12, what is 0 - 8b0523?
-8b0523
In base 2, what is 100 - 11110010111001001010?
-11110010111001000110
In base 10, what is -1 + -689926?
-689927
In base 4, what is -131 + 20223013?
20222222
In base 11, what is 109 - 878165?
-878057
In base 16, what is -f77 - 458?
-13cf
In base 6, what is 143 - -225214?
225401
In base 4, what is 102020203 + -211?
102013332
In base 12, what is -66885 - 1a5?
-66a6a
In base 14, what is -7 + d91a4b?
d91a44
In base 6, what is 2053543241 - -2?
2053543243
In base 5, what is 120303444 + 103?
120304102
In base 8, what is 57 - -14630111?
14630170
In base 13, what is 1 + -39650a2?
-39650a1
In base 12, what is -69 - 1108a7?
-110954
In base 6, what is 103231 - -112525?
220200
In base 12, what is 2402a78 - 1?
2402a77
In base 14, what is 79c70b0 - -4?
79c70b4
In base 5, what is 144122 - 141332?
2240
In base 3, what is -11102110100 + -11212122?
-11121022222
In base 12, what is 432b728 + 11?
432b739
In base 5, what is -3343330314443 + 4?
-3343330314434
In base 10, what is 5108 + -684?
4424
In base 3, what is 2120 - -1021011010?
1021020200
In base 10, what is -29 + 16071?
16042
In base 8, what is -44014447 - 25?
-44014474
In base 14, what is 4 - -5b64227?
5b6422b
In base 6, what is 443104 + -35344?
403320
In base 12, what is -2 + -2a70667?
-2a70669
In base 2, what is -11011101101001011100100111010 + 1?
-11011101101001011100100111001
In base 2, what is -110101 - -101001101000010100111?
101001101000001110010
In base 15, what is 45e741 - 4?
45e73c
In base 4, what is 3303 - -1233332323?
1300002232
In base 10, what is -4920 + -22041?
-26961
In base 7, what is 55435 - -3125?
61563
In base 8, what is 124661 - 644?
124015
In base 15, what is -16bd564 + -3?
-16bd567
In base 5, what is 3 - 2234401412?
-2234401404
In base 7, what is 2200 - -53463?
55663
In base 11, what is -44a3954 - -6?
-44a3949
In base 3, what is 21010211 + 1222121?
100010102
In base 6, what is -21 - 131304230?
-131304251
In base 5, what is 233400 - 20212?
213133
In base 2, what is -11 + -10001101011101001001101?
-10001101011101001010000
In base 12, what is -1157 - -117a9?
10652
In base 10, what is 1094852 - 5?
1094847
In base 14, what is a2a92 + -98?
a29d8
In base 9, what is 1022 - 348107?
-347075
In base 15, what is 46d7 - 3736?
ea1
In base 10, what is 22 + 904678?
904700
In base 15, what is eb9 + -5221?
-4257
In base 6, what is -413 - -31303341?
31302524
In base 7, what is -4566504 - -23?
-4566451
In base 13, what is -3a79379 + 0?
-3a79379
In base 10, what is -298118 + 19?
-298099
In base 5, what is -23434 - 3323412?
-3402401
In base 2, what is 1001100000 - -1000100101001?
1001110001001
In base 2, what is 1101110111000011011010000100 - -10?
1101110111000011011010000110
In base 2, what is -10101010 + 101111011100101?
101111000111011
In base 3, what is 10 + 10122022000020102?
10122022000020112
In base 5, what is -24321302 + 11?
-24321241
In base 12, what is -23b46 - -283?
-23883
In base 4, what is 312 + -22323020?
-22322102
In base 13, what is 19b9a91 - -4?
19b9a95
In base 9, what is 56585 - 62?
56523
In base 4, what is -133100 + -120332313?
-121132013
In base 10, what is -466754627 - -3?
-466754624
In base 4, what is -10 + -30032011122?
-30032011132
In base 8, what is -11052356 - -6?
-11052350
In base 8, what is -2760 - -3003?
23
In base 2, what is -1001111110 - 110000010101001?
-110001100100111
In base 15, what is 57b7 + 2ec2?
8789
In base 7, what is -1 - -225604112?
225604111
In base 16, what is 1e831e - 3?
1e831b
In base 16, what is 14c151 + 1b?
14c16c
In base 7, what is -1026 + -130335?
-131364
In base 7, what is -51 - -334623?
334542
In base 9, what is 23318107 - -8?
23318116
In base 11, what is 26 + -70a073?
-70a048
In base 10, what is -736471 + -11?
-736482
In base 13, what is 2b + 23a32cb?
23a3329
In base 16, what is a1d802d - -6?
a1d8033
In base 7, what is 102105 + 2366?
104504
In base 13, what is 27 + 311748?
311772
In base 9, what is -3 - -355483116?
355483113
In base 5, what is 42030211103 + -1?
42030211102
In base 6, what is 42013135 - -120?
42013255
In base 16, what is -2b58b1 - -5?
-2b58ac
In base 13, what is 66842612 - 0?
66842612
In base 10, what is -341 + -6912?
-7253
In base 7, what is 14200153 + 10?
14200163
In base 9, what is 24762 + 23?
24785
In base 6, what is -234224110 - 13?
-234224123
In base 16, what is a + 2e1c2?
2e1cc
In base 11, what is 2594 + 62a5?
8889
In base 11, what is 2831330 + 5?
2831335
In base 8, what is -74 + 106311?
106215
In base 9, what is 37 - -13006006?
13006044
In base 9, what is -188003 + -1280?
-200283
In base 12, what is -34703 - 2556?
-37059
In base 8, what is -133346157 - 2?
-133346161
In base 3, what is 11102012102 + 2001?
11102021110
In base 13, what is -12089b68 - 0?
-12089b68
In base 11, what is -30742 + -743?
-31385
In base 5, what is 1340 - -131133102?
131134442
In base 2, what is -10000000011101001110 + 110?
-10000000011101001000
In base 2, what is 10011100101 - -111010001010?
1001101101111
In base 7, what is 5035 - 1212?
3523
In base 13, what is 244915 - -160?
244a75
In base 7, what is -14 + -36415002?
-36415016
In base 7, what is 115001554 - 4?
115001550
In base 5, what is 223 - -330301422?
330302200
In base 10, what is -1536 - 397?
-1933
In base 14, what is 194 + -48d851?
-48d69b
In base 2, what is 10111111 - -1101100111011001011111?
1101100111011100011110
In base 6, what is -5 + 1531145044?
1531145035
In base 4, what is 2332032 + 23112?
3021210
In base 16, what is e449f4 + 5?
e449f9
In base 5, what is 44322323 + -12?
44322311
In base 13, what is -95b19 + -18a?
-95ca6
In base 10, what is -5369 + -2545?
-7914
In base 7, what is -11 - -6064415?
6064404
In base 2, what is -1000100100110111001110010 + 1?
-1000100100110111001110001
In base 9, what is 0 + -2732775?
-2732775
In base 12, what is 0 - 97034082?
-97034082
In base 3, what is 10010001211020 + -1200?
10010001202120
In base 9, what is -540623773 + 3?
-540623770
In base 7, what is -5 - -64106031?
64106023
In base 10, what is -2 - 1198555?
-1198557
In base 2, what is 111 + -1000100101000110111010111?
-1000100101000110111010000
In base 7, what is -563 + 5511332?
5510436
In base 4, what is 10101330 - -1203011?
11311001
In base 13, what is 37891 - c?
37882
In base 12, what is 129036 - 45b?
128797
In base 16, what is 10d310d - -3?
10d3110
In base 13, what is 11a463 + 148?
11a5ab
In base 13, what is 0 + 2c87a745?
2c87a745
In base 15, what is -11aeb9 - -15?
-11aea4
In base 11, what is 7 - -2411a7?
241203
In base 12, what is 11a0 + -6b6b?
-598b
In base 7, what is -1440634020 - 0?
-1440634020
In base 8, what is -601451 - 307?
-601760
In base